{"id":180,"date":"2021-12-01T19:57:09","date_gmt":"2021-12-01T19:57:09","guid":{"rendered":"http:\/\/172.26.0.141\/adn\/transparencia\/?page_id=180"},"modified":"2024-03-13T14:53:25","modified_gmt":"2024-03-13T14:53:25","slug":"responsable-de-acceso-a-la-informacion","status":"publish","type":"page","link":"https:\/\/adn.gob.do\/transparencia\/responsable-de-acceso-a-la-informacion\/","title":{"rendered":"Responsable de acceso a la informaci\u00f3n"},"content":{"rendered":"\n<p><strong>Contacto Responsable de Acceso a la Informaci\u00f3n<\/strong><\/p>\n\n\n\n<p><strong>Sta. Glenis Cruz<\/strong><br>Responsable de Acceso a la Informaci\u00f3n Municipal (RAIM)<br><br><strong>Tel\u00e9fono:<\/strong> 809-535-1181<br><strong>Extensi\u00f3n:<\/strong> 1401<br><strong>Correo electr\u00f3nico:<\/strong> oaim@adn.gob.do<br><strong>Direcci\u00f3n:<\/strong> Av. Jim\u00e9nez Moya, Centro de los H\u00e9roes, Santo Domingo, Distrito Nacional, R.D.<\/p>\n","protected":false},"excerpt":{"rendered":"<p>Contacto Responsable de Acceso a la Informaci\u00f3n Sta. Glenis CruzResponsable de Acceso a la Informaci\u00f3n Municipal (RAIM) Tel\u00e9fono: 809-535-1181Extensi\u00f3n: 1401Correo electr\u00f3nico: oaim@adn.gob.doDirecci\u00f3n: Av. Jim\u00e9nez Moya, Centro de los H\u00e9roes, Santo Domingo, Distrito Nacional, R.D.<\/p>\n","protected":false},"author":1,"featured_media":0,"parent":0,"menu_order":0,"comment_status":"closed","ping_status":"closed","template":"","meta":{"inline_featured_image":false,"footnotes":""},"class_list":["post-180","page","type-page","status-publish","hentry"],"_links":{"self":[{"href":"https:\/\/adn.gob.do\/transparencia\/wp-json\/wp\/v2\/pages\/180","targetHints":{"allow":["GET"]}}],"collection":[{"href":"https:\/\/adn.gob.do\/transparencia\/wp-json\/wp\/v2\/pages"}],"about":[{"href":"https:\/\/adn.gob.do\/transparencia\/wp-json\/wp\/v2\/types\/page"}],"author":[{"embeddable":true,"href":"https:\/\/adn.gob.do\/transparencia\/wp-json\/wp\/v2\/users\/1"}],"replies":[{"embeddable":true,"href":"https:\/\/adn.gob.do\/transparencia\/wp-json\/wp\/v2\/comments?post=180"}],"version-history":[{"count":3,"href":"https:\/\/adn.gob.do\/transparencia\/wp-json\/wp\/v2\/pages\/180\/revisions"}],"predecessor-version":[{"id":8256,"href":"https:\/\/adn.gob.do\/transparencia\/wp-json\/wp\/v2\/pages\/180\/revisions\/8256"}],"wp:attachment":[{"href":"https:\/\/adn.gob.do\/transparencia\/wp-json\/wp\/v2\/media?parent=180"}],"curies":[{"name":"wp","href":"https:\/\/api.w.org\/{rel}","templated":true}]}}